{"id":56676,"date":"2023-05-22T17:02:39","date_gmt":"2023-05-22T15:02:39","guid":{"rendered":"https:\/\/www.sferisterio.it\/?page_id=56676"},"modified":"2023-06-26T12:36:00","modified_gmt":"2023-06-26T10:36:00","slug":"mof-2023-nidi-0-3-anni","status":"publish","type":"page","link":"https:\/\/www.sferisterio.it\/en\/mof-2023-nidi-0-3-anni","title":{"rendered":"MOF 2023 &#8211; NURSERY SCHOOLS &#8211; 0-3 years old"},"content":{"rendered":"<div class=\"wpb-content-wrapper\"><p>[vc_row][vc_column][vc_empty_space height=&#8221;64px&#8221;][vc_custom_heading text=&#8221;NURSERY SCHOOLS&#8221; font_container=&#8221;tag:h1|text_align:center&#8221; use_theme_fonts=&#8221;yes&#8221;]<div class=\"myrow myaligncenter subtitle-mof\">0-3 years old<\/div><div class=\"myrow for_sep myaligncenter\"><div class=\"mysep\"><\/div><\/div>[vc_single_image source=&#8221;featured_image&#8221; img_size=&#8221;720&#215;720&#8243; alignment=&#8221;center&#8221;][\/vc_column][\/vc_row][vc_row][vc_column]<div class=\"myrow for_sep myaligncenter\"><div class=\"mysep\"><\/div><\/div>[vc_column_text]<strong>From 0 to 3 years old<br \/>\nDuring the school year<br \/>\nAt nursery schools<\/strong><\/p>\n<p>Younger children in nursery schools (from 0 to 3 years old) will take part in a project developed by Valentina Verzola \u2013 cellist and teacher at the \u201cStefano Scodanibbio\u201d Civic School of Music \u2013 which will also involve their parents and educators in a series of workshops. These will cover different activities for children such as listening, singing, and movement-based activities to stimulate their curiosity, creativity, exploration, and socialization in a relaxed atmosphere. Through movement and singing games, children will be naturally encouraged to use the language of music, to listen to and interact with adults and peers.[\/vc_column_text]<div class=\"myrow myaligncenter for_sep \"><div class=\"mysep\"><\/div><\/div>[\/vc_column][\/vc_row][vc_row disable_element=&#8221;yes&#8221;][vc_column][vc_tta_tabs][vc_tta_section title=&#8221;LO SPETTACOLO&#8221; tab_id=&#8221;1539353010319-4ab6f925-118b&#8221;][vc_column_text]In un antico castello troviamo Angelina, che meglio conosciamo come Cenerentola, schiava dei capricci delle due sorellastre e del patrigno, Don Magnifico.<\/p>\n<p>Nonostante tutti i torti subiti, Cenerentola riesce a rimanere buona e gentile. Un giorno arriva in paese il principe Ramiro in cerca di moglie. Non \u00e8 facile per un principe trovare una donna che lo ami davvero e non solo affascinata dalla sua ricchezza.<\/p>\n<p>Il principe escogita quindi un piano: scambier\u00e0 i propri abiti regali con la divisa del suo cameriere per qualche giorno: solo in questo modo riuscir\u00e0 a capire se sar\u00e0 vero l\u2019amore della donna che incontrer\u00e0. Nasce cos\u00ec una commedia che parla della ricerca dei veri sentimenti.[\/vc_column_text][\/vc_tta_section][vc_tta_section title=&#8221;PREZZO&#8221; tab_id=&#8221;1539353042112-56df54b8-031b&#8221;][vc_column_text]<strong>\u20ac 5<br \/>\n<\/strong>Biglietti in vendita presso la Biglietteria dei Teatri in Piazza Mazzini 10 a Macerata[\/vc_column_text][\/vc_tta_section][\/vc_tta_tabs][\/vc_column][\/vc_row]<\/p>\n<\/div>","protected":false},"excerpt":{"rendered":"<p>[vc_row][vc_column][vc_empty_space height=&#8221;64px&#8221;][vc_custom_heading text=&#8221;NURSERY SCHOOLS&#8221; font_container=&#8221;tag:h1|text_align:center&#8221; use_theme_fonts=&#8221;yes&#8221;][vc_single_image source=&#8221;featured_image&#8221; img_size=&#8221;720&#215;720&#8243; alignment=&#8221;center&#8221;][\/vc_column][\/vc_row][vc_row][vc_column][vc_column_text]From 0 to 3 years old During the school year At nursery schools Younger children in nursery schools (from 0 to 3 years old) will take part in a project developed by [&hellip;]<\/p>\n","protected":false},"author":1001016,"featured_media":56388,"parent":0,"menu_order":53,"comment_status":"closed","ping_status":"closed","template":"","meta":{"ngg_post_thumbnail":0,"footnotes":""},"class_list":["post-56676","page","type-page","status-publish","has-post-thumbnail","hentry"],"yoast_head":"<!-- This site is optimized with the Yoast SEO plugin v27.4 - https:\/\/yoast.com\/product\/yoast-seo-wordpress\/ -->\n<title>MOF 2023 - NURSERY SCHOOLS - 0-3 years old | Sferisterio - Macerata Opera Festival<\/title>\n<meta name=\"robots\" content=\"index, follow, max-snippet:-1, max-image-preview:large, max-video-preview:-1\" \/>\n<link rel=\"canonical\" href=\"https:\/\/www.sferisterio.it\/en\/mof-2023-nidi-0-3-anni\" \/>\n<meta property=\"og:locale\" content=\"en_US\" \/>\n<meta property=\"og:type\" content=\"article\" \/>\n<meta property=\"og:title\" content=\"MOF 2023 - NURSERY SCHOOLS - 0-3 years old | Sferisterio - Macerata Opera Festival\" \/>\n<meta property=\"og:description\" content=\"[vc_row][vc_column][vc_empty_space height=&#8221;64px&#8221;][vc_custom_heading text=&#8221;NURSERY SCHOOLS&#8221; font_container=&#8221;tag:h1|text_align:center&#8221; use_theme_fonts=&#8221;yes&#8221;][vc_single_image source=&#8221;featured_image&#8221; img_size=&#8221;720&#215;720&#8243; alignment=&#8221;center&#8221;][\/vc_column][\/vc_row][vc_row][vc_column][vc_column_text]From 0 to 3 years old During the school year At nursery schools Younger children in nursery schools (from 0 to 3 years old) will take part in a project developed by [&hellip;]\" \/>\n<meta property=\"og:url\" content=\"https:\/\/www.sferisterio.it\/en\/mof-2023-nidi-0-3-anni\" \/>\n<meta property=\"og:site_name\" content=\"Sferisterio - Macerata Opera Festival\" \/>\n<meta property=\"article:modified_time\" content=\"2023-06-26T10:36:00+00:00\" \/>\n<meta property=\"og:image\" content=\"https:\/\/www.sferisterio.it\/wp-content\/uploads\/2023\/05\/28070067_MOF23-Family-quadrato1-1024x1024.png\" \/>\n\t<meta property=\"og:image:width\" content=\"1024\" \/>\n\t<meta property=\"og:image:height\" content=\"1024\" \/>\n\t<meta property=\"og:image:type\" content=\"image\/png\" \/>\n<meta name=\"twitter:card\" content=\"summary_large_image\" \/>\n<meta name=\"twitter:label1\" content=\"Est. reading time\" \/>\n\t<meta name=\"twitter:data1\" content=\"2 minutes\" \/>\n<script type=\"application\/ld+json\" class=\"yoast-schema-graph\">{\"@context\":\"https:\\\/\\\/schema.org\",\"@graph\":[{\"@type\":\"WebPage\",\"@id\":\"https:\\\/\\\/www.sferisterio.it\\\/en\\\/mof-2023-nidi-0-3-anni\",\"url\":\"https:\\\/\\\/www.sferisterio.it\\\/en\\\/mof-2023-nidi-0-3-anni\",\"name\":\"MOF 2023 - NURSERY SCHOOLS - 0-3 years old | Sferisterio - Macerata Opera Festival\",\"isPartOf\":{\"@id\":\"\\\/#website\"},\"primaryImageOfPage\":{\"@id\":\"https:\\\/\\\/www.sferisterio.it\\\/en\\\/mof-2023-nidi-0-3-anni#primaryimage\"},\"image\":{\"@id\":\"https:\\\/\\\/www.sferisterio.it\\\/en\\\/mof-2023-nidi-0-3-anni#primaryimage\"},\"thumbnailUrl\":\"https:\\\/\\\/www.sferisterio.it\\\/wp-content\\\/uploads\\\/2023\\\/05\\\/28070067_MOF23-Family-quadrato1.png\",\"datePublished\":\"2023-05-22T15:02:39+00:00\",\"dateModified\":\"2023-06-26T10:36:00+00:00\",\"breadcrumb\":{\"@id\":\"https:\\\/\\\/www.sferisterio.it\\\/en\\\/mof-2023-nidi-0-3-anni#breadcrumb\"},\"inLanguage\":\"en-US\",\"potentialAction\":[{\"@type\":\"ReadAction\",\"target\":[\"https:\\\/\\\/www.sferisterio.it\\\/en\\\/mof-2023-nidi-0-3-anni\"]}]},{\"@type\":\"ImageObject\",\"inLanguage\":\"en-US\",\"@id\":\"https:\\\/\\\/www.sferisterio.it\\\/en\\\/mof-2023-nidi-0-3-anni#primaryimage\",\"url\":\"https:\\\/\\\/www.sferisterio.it\\\/wp-content\\\/uploads\\\/2023\\\/05\\\/28070067_MOF23-Family-quadrato1.png\",\"contentUrl\":\"https:\\\/\\\/www.sferisterio.it\\\/wp-content\\\/uploads\\\/2023\\\/05\\\/28070067_MOF23-Family-quadrato1.png\",\"width\":1400,\"height\":1400},{\"@type\":\"BreadcrumbList\",\"@id\":\"https:\\\/\\\/www.sferisterio.it\\\/en\\\/mof-2023-nidi-0-3-anni#breadcrumb\",\"itemListElement\":[{\"@type\":\"ListItem\",\"position\":1,\"name\":\"Home\",\"item\":\"https:\\\/\\\/www.sferisterio.it\\\/en\"},{\"@type\":\"ListItem\",\"position\":2,\"name\":\"MOF 2023 &#8211; NURSERY SCHOOLS &#8211; 0-3 years old\"}]},{\"@type\":\"WebSite\",\"@id\":\"\\\/#website\",\"url\":\"\\\/\",\"name\":\"Sferisterio - Macerata Opera Festival\",\"description\":\"\",\"publisher\":{\"@id\":\"\\\/#organization\"},\"potentialAction\":[{\"@type\":\"SearchAction\",\"target\":{\"@type\":\"EntryPoint\",\"urlTemplate\":\"\\\/?s={search_term_string}\"},\"query-input\":{\"@type\":\"PropertyValueSpecification\",\"valueRequired\":true,\"valueName\":\"search_term_string\"}}],\"inLanguage\":\"en-US\"},{\"@type\":\"Organization\",\"@id\":\"\\\/#organization\",\"name\":\"Sferisterio - Macerata Opera Festival\",\"url\":\"\\\/\",\"logo\":{\"@type\":\"ImageObject\",\"inLanguage\":\"en-US\",\"@id\":\"\\\/#\\\/schema\\\/logo\\\/image\\\/\",\"url\":\"https:\\\/\\\/www.sferisterio.it\\\/wp-content\\\/uploads\\\/2024\\\/02\\\/cropped-logo-admin.png\",\"contentUrl\":\"https:\\\/\\\/www.sferisterio.it\\\/wp-content\\\/uploads\\\/2024\\\/02\\\/cropped-logo-admin.png\",\"width\":512,\"height\":512,\"caption\":\"Sferisterio - Macerata Opera Festival\"},\"image\":{\"@id\":\"\\\/#\\\/schema\\\/logo\\\/image\\\/\"}}]}<\/script>\n<!-- \/ Yoast SEO plugin. -->","yoast_head_json":{"title":"MOF 2023 - NURSERY SCHOOLS - 0-3 years old | Sferisterio - Macerata Opera Festival","robots":{"index":"index","follow":"follow","max-snippet":"max-snippet:-1","max-image-preview":"max-image-preview:large","max-video-preview":"max-video-preview:-1"},"canonical":"https:\/\/www.sferisterio.it\/en\/mof-2023-nidi-0-3-anni","og_locale":"en_US","og_type":"article","og_title":"MOF 2023 - NURSERY SCHOOLS - 0-3 years old | Sferisterio - Macerata Opera Festival","og_description":"[vc_row][vc_column][vc_empty_space height=&#8221;64px&#8221;][vc_custom_heading text=&#8221;NURSERY SCHOOLS&#8221; font_container=&#8221;tag:h1|text_align:center&#8221; use_theme_fonts=&#8221;yes&#8221;][vc_single_image source=&#8221;featured_image&#8221; img_size=&#8221;720&#215;720&#8243; alignment=&#8221;center&#8221;][\/vc_column][\/vc_row][vc_row][vc_column][vc_column_text]From 0 to 3 years old During the school year At nursery schools Younger children in nursery schools (from 0 to 3 years old) will take part in a project developed by [&hellip;]","og_url":"https:\/\/www.sferisterio.it\/en\/mof-2023-nidi-0-3-anni","og_site_name":"Sferisterio - Macerata Opera Festival","article_modified_time":"2023-06-26T10:36:00+00:00","og_image":[{"width":1024,"height":1024,"url":"https:\/\/www.sferisterio.it\/wp-content\/uploads\/2023\/05\/28070067_MOF23-Family-quadrato1-1024x1024.png","type":"image\/png"}],"twitter_card":"summary_large_image","twitter_misc":{"Est. reading time":"2 minutes"},"schema":{"@context":"https:\/\/schema.org","@graph":[{"@type":"WebPage","@id":"https:\/\/www.sferisterio.it\/en\/mof-2023-nidi-0-3-anni","url":"https:\/\/www.sferisterio.it\/en\/mof-2023-nidi-0-3-anni","name":"MOF 2023 - NURSERY SCHOOLS - 0-3 years old | Sferisterio - Macerata Opera Festival","isPartOf":{"@id":"\/#website"},"primaryImageOfPage":{"@id":"https:\/\/www.sferisterio.it\/en\/mof-2023-nidi-0-3-anni#primaryimage"},"image":{"@id":"https:\/\/www.sferisterio.it\/en\/mof-2023-nidi-0-3-anni#primaryimage"},"thumbnailUrl":"https:\/\/www.sferisterio.it\/wp-content\/uploads\/2023\/05\/28070067_MOF23-Family-quadrato1.png","datePublished":"2023-05-22T15:02:39+00:00","dateModified":"2023-06-26T10:36:00+00:00","breadcrumb":{"@id":"https:\/\/www.sferisterio.it\/en\/mof-2023-nidi-0-3-anni#breadcrumb"},"inLanguage":"en-US","potentialAction":[{"@type":"ReadAction","target":["https:\/\/www.sferisterio.it\/en\/mof-2023-nidi-0-3-anni"]}]},{"@type":"ImageObject","inLanguage":"en-US","@id":"https:\/\/www.sferisterio.it\/en\/mof-2023-nidi-0-3-anni#primaryimage","url":"https:\/\/www.sferisterio.it\/wp-content\/uploads\/2023\/05\/28070067_MOF23-Family-quadrato1.png","contentUrl":"https:\/\/www.sferisterio.it\/wp-content\/uploads\/2023\/05\/28070067_MOF23-Family-quadrato1.png","width":1400,"height":1400},{"@type":"BreadcrumbList","@id":"https:\/\/www.sferisterio.it\/en\/mof-2023-nidi-0-3-anni#breadcrumb","itemListElement":[{"@type":"ListItem","position":1,"name":"Home","item":"https:\/\/www.sferisterio.it\/en"},{"@type":"ListItem","position":2,"name":"MOF 2023 &#8211; NURSERY SCHOOLS &#8211; 0-3 years old"}]},{"@type":"WebSite","@id":"\/#website","url":"\/","name":"Sferisterio - Macerata Opera Festival","description":"","publisher":{"@id":"\/#organization"},"potentialAction":[{"@type":"SearchAction","target":{"@type":"EntryPoint","urlTemplate":"\/?s={search_term_string}"},"query-input":{"@type":"PropertyValueSpecification","valueRequired":true,"valueName":"search_term_string"}}],"inLanguage":"en-US"},{"@type":"Organization","@id":"\/#organization","name":"Sferisterio - Macerata Opera Festival","url":"\/","logo":{"@type":"ImageObject","inLanguage":"en-US","@id":"\/#\/schema\/logo\/image\/","url":"https:\/\/www.sferisterio.it\/wp-content\/uploads\/2024\/02\/cropped-logo-admin.png","contentUrl":"https:\/\/www.sferisterio.it\/wp-content\/uploads\/2024\/02\/cropped-logo-admin.png","width":512,"height":512,"caption":"Sferisterio - Macerata Opera Festival"},"image":{"@id":"\/#\/schema\/logo\/image\/"}}]}},"_links":{"self":[{"href":"https:\/\/www.sferisterio.it\/en\/wp-json\/wp\/v2\/pages\/56676","targetHints":{"allow":["GET"]}}],"collection":[{"href":"https:\/\/www.sferisterio.it\/en\/wp-json\/wp\/v2\/pages"}],"about":[{"href":"https:\/\/www.sferisterio.it\/en\/wp-json\/wp\/v2\/types\/page"}],"author":[{"embeddable":true,"href":"https:\/\/www.sferisterio.it\/en\/wp-json\/wp\/v2\/users\/1001016"}],"replies":[{"embeddable":true,"href":"https:\/\/www.sferisterio.it\/en\/wp-json\/wp\/v2\/comments?post=56676"}],"version-history":[{"count":0,"href":"https:\/\/www.sferisterio.it\/en\/wp-json\/wp\/v2\/pages\/56676\/revisions"}],"wp:featuredmedia":[{"embeddable":true,"href":"https:\/\/www.sferisterio.it\/en\/wp-json\/wp\/v2\/media\/56388"}],"wp:attachment":[{"href":"https:\/\/www.sferisterio.it\/en\/wp-json\/wp\/v2\/media?parent=56676"}],"curies":[{"name":"wp","href":"https:\/\/api.w.org\/{rel}","templated":true}]}}

<div class="wpb-content-wrapper"><p>[vc_row][vc_column][vc_empty_space height=&#8221;64px&#8221;][vc_custom_heading text=&#8221;NURSERY SCHOOLS&#8221; font_container=&#8221;tag:h1|text_align:center&#8221; use_theme_fonts=&#8221;yes&#8221;]<div class="myrow myaligncenter subtitle-mof">0-3 years old</div><div class="myrow for_sep myaligncenter"><div class="mysep"></div></div>[vc_single_image source=&#8221;featured_image&#8221; img_size=&#8221;720&#215;720&#8243; alignment=&#8221;center&#8221;][/vc_column][/vc_row][vc_row][vc_column]<div class="myrow for_sep myaligncenter"><div class="mysep"></div></div>[vc_column_text]<strong>From 0 to 3 years old<br />
During the school year<br />
At nursery schools</strong></p>
<p>Younger children in nursery schools (from 0 to 3 years old) will take part in a project developed by Valentina Verzola – cellist and teacher at the “Stefano Scodanibbio” Civic School of Music – which will also involve their parents and educators in a series of workshops. These will cover different activities for children such as listening, singing, and movement-based activities to stimulate their curiosity, creativity, exploration, and socialization in a relaxed atmosphere. Through movement and singing games, children will be naturally encouraged to use the language of music, to listen to and interact with adults and peers.[/vc_column_text]<div class="myrow myaligncenter for_sep "><div class="mysep"></div></div>[/vc_column][/vc_row][vc_row disable_element=&#8221;yes&#8221;][vc_column][vc_tta_tabs][vc_tta_section title=&#8221;LO SPETTACOLO&#8221; tab_id=&#8221;1539353010319-4ab6f925-118b&#8221;][vc_column_text]In un antico castello troviamo Angelina, che meglio conosciamo come Cenerentola, schiava dei capricci delle due sorellastre e del patrigno, Don Magnifico.</p>
<p>Nonostante tutti i torti subiti, Cenerentola riesce a rimanere buona e gentile. Un giorno arriva in paese il principe Ramiro in cerca di moglie. Non è facile per un principe trovare una donna che lo ami davvero e non solo affascinata dalla sua ricchezza.</p>
<p>Il principe escogita quindi un piano: scambierà i propri abiti regali con la divisa del suo cameriere per qualche giorno: solo in questo modo riuscirà a capire se sarà vero l’amore della donna che incontrerà. Nasce così una commedia che parla della ricerca dei veri sentimenti.[/vc_column_text][/vc_tta_section][vc_tta_section title=&#8221;PREZZO&#8221; tab_id=&#8221;1539353042112-56df54b8-031b&#8221;][vc_column_text]<strong>€ 5<br />
</strong>Biglietti in vendita presso la Biglietteria dei Teatri in Piazza Mazzini 10 a Macerata[/vc_column_text][/vc_tta_section][/vc_tta_tabs][/vc_column][/vc_row]</p>
</div>
